factor of 1148 and 123.
41
Calculate the greatest common factor of 168 and 105.
21
What is the highest common divisor of 9550 and 50?
50
Calculate the greatest common factor of 216 and 576.
72
What is the highest common divisor of 264 and 396?
132
What is the greatest common factor of 155 and 10?
5
What is the greatest common divisor of 81 and 27?
27
What is the highest common divisor of 72 and 552?
24
Calculate the highest common divisor of 7 and 11347.
7
Calculate the highest common factor of 9 and 36.
9
Calculate the highest common factor of 4912 and 80.
16
Calculate the greatest common divisor of 240 and 15.
15
What is the highest common factor of 1540 and 2387?
77
Calculate the greatest common divisor of 6758 and 186.
62
Calculate the highest common divisor of 320 and 720.
80
What is the highest common divisor of 55 and 440?
55
What is the highest common factor of 3402 and 48?
6
What is the greatest common factor of 12 and 4836?
12
What is the highest common factor of 1 and 58?
1
Calculate the greatest common divisor of 15 and 39.
3
Calculate the highest common factor of 42 and 12.
6
What is the greatest common factor of 55627 and 11?
11
What is the greatest common divisor of 354 and 18?
6
What is the greatest common factor of 50 and 2660?
10
What is the greatest common divisor of 63 and 10731?
21
What is the highest common factor of 1269 and 117?
9
What is the highest common factor of 9 and 2439?
9
Calculate the highest common divisor of 12126 and 564.
282
Calculate the highest common divisor of 66 and 7392.
66
What is the greatest common factor of 128 and 160?
32
What is the greatest common divisor of 2334 and 6?
6
What is the highest common factor of 4 and 334?
2
Calculate the greatest common divisor of 17 and 2839.
17
What is the highest common factor of 68 and 17?
17
What is the greatest common factor of 256 and 4?
4
What is the greatest common divisor of 106 and 26?
2
What is the greatest common divisor of 84 and 10836?
84
What is the highest common factor of 475 and 76?
19
Calculate the greatest common factor of 160 and 10.
10
Calculate the highest common factor of 42 and 14.
14
What is the greatest common divisor of 1975 and 75?
25
What is the greatest common divisor of 112 and 272?
16
Calculate the greatest common divisor of 118 and 177.
59
What is the greatest common factor of 2266 and 22?
22
Calculate the highest common divisor of 4800 and 150.
150
Calculate the highest common divisor of 210 and 2590.
70
What is the highest common divisor of 535 and 4601?
107
What is the greatest common factor of 52 and 611?
13
Calculate the greatest common divisor of 576 and 9.
9
Calculate the highest common divisor of 19 and 38.
19
Calculate the greatest common factor of 300 and 7725.
75
Calculate the greatest common factor of 16137 and 99.
99
What is the greatest common divisor of 2214 and 270?
54
Calculate the greatest common factor of 112 and 9296.
112
What is the highest common factor of 23086 and 68?
34
Calculate the greatest common divisor of 119 and 1139.
17
What is the highest common divisor of 148 and 518?
74
Calculate the highest common divisor of 660 and 924.
132
What is the greatest common divisor of 126 and 210?
42
Calculate the highest common divisor of 77 and 33.
11
What is the greatest common factor of 552 and 72?
24
What is the highest common divisor of 314 and 1727?
157
Calculate the highest common factor of 17 and 221.
17
Calculate the highest common factor of 896 and 2176.
128
What is the greatest common divisor of 17 and 272?
17
What is the greatest common divisor of 442 and 68?
34
What is the highest common divisor of 437 and 38?
19
What is the highest common factor of 15 and 93255?
15
What is the highest common factor of 80 and 16?
16
Calculate the highest common factor of 32 and 36.
4
What is the highest common divisor of 432 and 16?
16
What is the highest common factor of 112 and 10288?
16
What is the highest common divisor of 80 and 144?
16
Calculate the highest common divisor of 56 and 13146.
14
What is the highest common divisor of 6 and 102?
6
Calculate the highest common divisor of 105 and 35.
35
What is the highest common divisor of 2230 and 20?
10
Calculate the greatest common factor of 33 and 1089.
33
Calculate the highest common divisor of 42 and 1827.
21
What is the highest common factor of 105 and 7455?
105
Calculate the highest common divisor of 132 and 45276.
132
What is the greatest common divisor of 14 and 1260?
14
Calculate the highest common divisor of 128 and 40.
8
Calculate the highest common divisor of 1349 and 284.
71
What is the greatest common divisor of 42 and 27?
3
What is the highest common factor of 736 and 161?
23
Calculate the highest common factor of 1134 and 4494.
42
Calculate the greatest common factor of 1481 and 1.
1
Calculate the highest common factor of 320 and 5.
5
Calculate the greatest common divisor of 36 and 306.
18
Calculate the highest common divisor of 1102 and 228.
38
Calculate the greatest common divisor of 259 and 37.
37
Calculate the greatest common divisor of 735 and 245.
245
What is the highest common factor of 344 and 4?
4
Calculate the greatest common factor of 51 and 12.
3
What is the highest common factor of 8636 and 68?
68
What is the greatest common factor of 1232 and 858?
22
What is the greatest common divisor of 7 and 217?
7
What is the greatest common factor of 72 and 120?
24
Calculate the greatest common divisor of 94 and 10.
2
What is the greatest common divisor of 1080 and 20?
20
Calculate the greatest common factor of 37850 and 10.
10
What is the greatest common divisor of 480 and 3630?
30
Calculate the highest common factor of 153 and 34.
17
Calculate the highest common factor of 632 and 424.
8
What is the greatest common divisor of 873 and 36?
9
Calculate the greatest common divisor of 8851 and 1169.
167
What is the highest common divisor of 32 and 464?
16
Calculate the greatest common factor of 2233 and 77.
77
Calculate the highest common factor of 35 and 2.
1
Calculate the highest common factor of 2639 and 182.
91
What is the greatest common factor of 12 and 978?
6
What is the highest common divisor of 6 and 8?
2
What is the highest common factor of 36 and 414?
18
Calculate the highest common factor of 95 and 1235.
95
Calculate the highest common divisor of 165 and 440.
55
What is the greatest common divisor of 20496 and 336?
336
What is the greatest common factor of 4135 and 25?
5
What is the highest common factor of 3876 and 190?
38
Calculate the greatest common factor of 604 and 3473.
151
What is the highest common divisor of 1332 and 12?
12
Calculate the greatest common divisor of 32 and 40.
8
What is the highest common factor of 120 and 15?
15
What is the greatest common factor of 72 and 32?
8
What is the highest common factor of 25 and 17075?
25
What is the greatest common factor of 4 and 1724?
4
What is the greatest common divisor of 32 and 112?
16
Calculate the greatest common divisor of 1271 and 31.
31
Calculate the greatest common factor of 2112 and 33.
33
What is the highest common divisor of 11 and 28457?
11
What is the greatest common divisor of 175 and 300?
25
What is the greatest common factor of 513 and 57?
57
Calculate the greatest common factor of 3045 and 174.
87
Calculate the highest common factor of 260 and 3940.
20
What is the greatest common factor of 8 and 2?
2
Calculate the highest common divisor of 5517 and 36.
9
What is the highest common divisor of 3 and 9075?
3
Calculate the highest common factor of 64 and 2464.
32
Calculate the greatest common divisor of 814 and 198.
22
Calculate the greatest common factor of 36 and 144.
36
What is the highest common factor of 11323 and 1183?
169
Calculate the highest common divisor of 2 and 1.
1
Calculate the greatest common divisor of 544 and 192.
32
What is the greatest common factor of 8 and 632?
8
Calculate the highest common divisor of 22 and 1221.
11
Calculate the greatest common divisor of 79 and 7.
1
What is the greatest common factor of 14 and 462?
14
Calculate the highest common divisor of 10 and 9.
1
Calculate the greatest common factor of 40 and 135.
5
What is the greatest common factor of 376 and 141?
47
Calculate the highest common divisor of 6 and 54.
6
Calculate the h